inder when 643862 is divided by 49527.
11
What is the remainder when 1505 is divided by 72?
65
Calculate the remainder when 13837 is divided by 2186.
721
What is the remainder when 7380 is divided by 503?
338
What is the remainder when 974 is divided by 172?
114
What is the remainder when 44913 is divided by 44913?
0
What is the remainder when 30287 is divided by 4325?
12
What is the remainder when 10020 is divided by 3295?
135
Calculate the remainder when 158559 is divided by 26419.
45
Calculate the remainder when 3519 is divided by 638.
329
What is the remainder when 2210303 is divided by 205?
198
What is the remainder when 375200 is divided by 9?
8
What is the remainder when 23147 is divided by 23100?
47
Calculate the remainder when 6441 is divided by 170.
151
Calculate the remainder when 632566 is divided by 161.
158
Calculate the remainder when 51671 is divided by 12915.
11
Calculate the remainder when 24272 is divided by 4044.
8
What is the remainder when 252330 is divided by 24?
18
Calculate the remainder when 7444 is divided by 69.
61
Calculate the remainder when 42363 is divided by 21143.
77
Calculate the remainder when 158630 is divided by 57.
56
What is the remainder when 8149 is divided by 772?
429
What is the remainder when 4061 is divided by 53?
33
What is the remainder when 2102 is divided by 1043?
16
What is the remainder when 943 is divided by 937?
6
Calculate the remainder when 11102 is divided by 1133.
905
Calculate the remainder when 47516 is divided by 491.
380
Calculate the remainder when 7458 is divided by 83.
71
What is the remainder when 275074 is divided by 11?
8
Calculate the remainder when 550896 is divided by 22.
16
What is the remainder when 7988 is divided by 1976?
84
Calculate the remainder when 3207 is divided by 780.
87
Calculate the remainder when 2655 is divided by 15.
0
What is the remainder when 48975 is divided by 310?
305
What is the remainder when 70049 is divided by 25?
24
What is the remainder when 10065 is divided by 1114?
39
What is the remainder when 585304 is divided by 245?
244
Calculate the remainder when 153 is divided by 124.
29
What is the remainder when 20736 is divided by 2076?
2052
Calculate the remainder when 1144459 is divided by 18.
1
What is the remainder when 12831 is divided by 69?
66
What is the remainder when 3131717 is divided by 590?
587
Calculate the remainder when 638 is divided by 278.
82
Calculate the remainder when 1034 is divided by 331.
41
Calculate the remainder when 20706 is divided by 29.
0
What is the remainder when 174618 is divided by 131?
126
Calculate the remainder when 4555 is divided by 2275.
5
What is the remainder when 5678 is divided by 515?
13
Calculate the remainder when 32783 is divided by 97.
94
What is the remainder when 2270 is divided by 572?
554
What is the remainder when 131 is divided by 75?
56
What is the remainder when 320452 is divided by 977?
973
Calculate the remainder when 913421 is divided by 20298.
11
What is the remainder when 1389 is divided by 1383?
6
Calculate the remainder when 1209 is divided by 63.
12
What is the remainder when 64020 is divided by 212?
208
Calculate the remainder when 982 is divided by 909.
73
What is the remainder when 7421 is divided by 15?
11
What is the remainder when 48021 is divided by 800?
21
What is the remainder when 1772 is divided by 804?
164
Calculate the remainder when 707290 is divided by 59.
57
What is the remainder when 3428 is divided by 119?
96
Calculate the remainder when 8642 is divided by 10.
2
Calculate the remainder when 168090 is divided by 412.
406
Calculate the remainder when 116 is divided by 45.
26
Calculate the remainder when 7598 is divided by 381.
359
What is the remainder when 4225 is divided by 1351?
172
Calculate the remainder when 2861 is divided by 935.
56
Calculate the remainder when 36409 is divided by 121.
109
Calculate the remainder when 26063 is divided by 83.
1
What is the remainder when 32145310 is divided by 246?
244
What is the remainder when 590817 is divided by 95?
12
Calculate the remainder when 1120075 is divided by 195.
190
Calculate the remainder when 13489 is divided by 39.
34
What is the remainder when 5416 is divided by 27?
16
What is the remainder when 1088 is divided by 212?
28
Calculate the remainder when 319923 is divided by 31.
3
Calculate the remainder when 5434 is divided by 853.
316
What is the remainder when 26964 is divided by 27?
18
Calculate the remainder when 5522 is divided by 1758.
248
Calculate the remainder when 389529 is divided by 296.
289
Calculate the remainder when 59108 is divided by 24.
20
What is the remainder when 87441 is divided by 3?
0
Calculate the remainder when 168383 is divided by 1684.
1667
What is the remainder when 12386 is divided by 263?
25
Calculate the remainder when 516009 is divided by 17.
8
Calculate the remainder when 149117 is divided by 21300.
17
Calculate the remainder when 66648 is divided by 9519.
15
Calculate the remainder when 19327 is divided by 72.
31
What is the remainder when 11281 is divided by 83?
76
What is the remainder when 52331 is divided by 196?
195
What is the remainder when 9611 is divided by 16?
11
Calculate the remainder when 1194289 is divided by 213.
211
What is the remainder when 15514 is divided by 4911?
781
What is the remainder when 2044 is divided by 556?
376
Calculate the remainder when 64450 is divided by 83.
42
What is the remainder when 10178 is divided by 10150?
28
Calculate the remainder when 540161 is divided by 14.
13
What is the remainder when 735 is divided by 255?
225
Calculate the remainder when 5997 is divided by 216.
165
What is the remainder when 7332 is divided by 1833?
0
What is the remainder when 5361209 is divided by 15?
14
Calculate the remainder when 396666 is divided by 79330.
16
Calculate the remainder when 38285 is divided by 207.
197
What is the remainder when 1256724 is divided by 326?
320
Calculate the remainder when 48370 is divided by 2329.
1790
Calculate the remainder when 5326 is divided by 334.
316
Calculate the remainder when 55358 is divided by 247.
30
Calculate the remainder when 21745 is divided by 171.
28
Calculate the remainder when 9565 is divided by 100.
65
Calculate the remainder when 34506 is divided by 606.
570
Calculate the remainder when 4277 is divided by 609.
14
What is the remainder when 55111 is divided by 22?
1
Calculate the remainder when 837 is divided by 35.
32
What is the remainder when 241893 is divided by 505?
503
What is the remainder when 898141 is divided by 83?
81
What is the remainder when 31210 is divided by 140?
130
Calculate the remainder when 41239 is divided by 177.
175
Calculate the remainder when 293330 is divided by 17.
12
What is the remainder when 22957 is divided by 35?
32
What is the remainder when 1167 is divided by 364?
75
What is the remainder when 535 is divided by 262?
11
Calculate the remainder when 573307 is divided by 37.
29
Calculate the remainder when 35114 is divided by 3506.
54
What is the remainder when 16264 is divided by 4029?
148
Calculate the remainder when 4994 is divided by 18.
8
Calculate the remainder when 2629 is divided by 1212.
205
What is the remainder when 1451 is divided by 380?
311
Calculate the remainder when 2004 is divided by 989.
26
What is the remainder when 598478 is divided by 13?
10
What is the remainder when 106539 is divided by 27?
24
What is the remainder when 9745 is divided by 5?
0
Calculate the remainder when 46217 is divided by 23105.
7
What is the remainder when 369 is divided by 214?
155
Calculate the remainder when 109054 is divided by 779.
773
Calculate the remainder when 1609 is divided by 797.
15
What is the remainder when 1754 is divided by 41?
32
What is the remainder when 8455 is divided by 1006?
407
Calculate the remainder when 7181 is divided by 210.
41
Calculate the remainder when 18370 is divided by 90.
10
Calculate the remainder when 3177875 is divided by 1588936.
3
Calculate the remainder when 270863 is divided by 33.
32
Calculate the remainder when 16518 is divided by 826.
824
What is the remainder when 77332 is divided by 3362?
6
Calculate the remainder when 1487 is divided by 58.
37
What is the remainder when 4152 is divided by 1669?
814
What is the remaind